 by 148?
136
Let r = -8411 - -8628. Calculate the remainder when r is divided by 29.
14
Suppose 0 = 4*l + l - 1310. Let v = 4221 - 4197. What is the remainder when l is divided by v?
22
Suppose 40*h - 130*h + 9090 = 0. What is the remainder when 831 is divided by h?
23
Let o(n) = 6*n**2 - 16*n - 270. Calculate the remainder when o(19) is divided by 785.
22
Suppose -2*j + 2*h = -560, -2*h + 274 = -81*j + 82*j. What is the remainder when 1156 is divided by j?
44
Suppose -5 = -t + 4. Suppose 0 = -5*g + 10*g + o - 1952, 1166 = 3*g - 2*o. Suppose 7*s + 145 - g = 0. What is the remainder when s is divided by t?
8
Let g = 2202 - 2092. Calculate the remainder when g is divided by 91.
19
Suppose 0*n = n + 4. Let l(f) = 2*f**3 + 16*f**2 + f + 18. What is the remainder when 12/n*1 - -52 is divided by l(-8)?
9
Suppose 3*a - 10*d + 5*d = 845, 0 = -5*a + 4*d + 1417. Let s(q) = 4*q**2 - 13*q - 24. Calculate the remainder when a is divided by s(-2).
15
Suppose 3*g - 20*g - 21*g + 2470 = 0. Calculate the remainder when g is divided by 1/((-1)/2) - (-390)/10.
28
Let s = 34118 - 33927. Calculate the remainder when 3250 is divided by s.
3
Suppose -3*v = -5*k - 65, -2*k - 3*k - 20 = 0. Let l = 35 - v. Suppose -2*z - l = -4*z. What is the remainder when 14 is divided by z?
4
Suppose -5*g + 1763 = h - 533, 4*g = -5*h + 1820. Calculate the remainder when g is divided by 126.
82
Let o be (-1 - (-19649)/21) + 8/6. Suppose -2*i + o = 4*j, 2*j + 5*i - 281 = 203. Calculate the remainder when j is divided by -1*(0 - (2 - -45)).
44
Suppose 1578 = -4*t + 5278. Suppose 592 = i + 2*i + 5*o, 5*i = 4*o + t. Calculate the remainder when i is divided by 48.
45
Suppose -9*d + 3*h + 165 = -12*d, 3*d = -4*h - 169. Calculate the remainder when 4 + -2 + -3 - d is divided by 13.
11
Let i = 42 - -6. Suppose 5*l - 2*l = i. Calculate the remainder when (92/(-414) - 2294/(-36))*2 is divided by l.
15
Let v = -8226 + 8394. Calculate the remainder when 330 is divided by v.
162
What is the remainder when 377 is divided by (198/(-7 + -2))/(-1)?
3
Calculate the remainder when 1158 is divided by (-10342)/(-47) - 2326/54661.
58
Let t(b) = -48*b - 91 + 68*b - 46*b. What is the remainder when t(-6) is divided by 22?
21
Suppose i + 21*i = 9332 - 1478. Calculate the remainder when 2854 is divided by i.
355
Let c = 206 - 120. Calculate the remainder when c is divided by (-10 - -17) + 10*3/(12/10).
22
Let v = -20009 + 20590. What is the remainder when v is divided by 103?
66
Let h = 1611 + -1564. Calculate the remainder when 1362 is divided by h.
46
Let k(y) = -y + 72. Let v be k(0). Suppose -4*u = -p + 15, 22 = -2*p - 2*u + v. Let h(r) = r**2 - 21*r - 23. What is the remainder when 112 is divided by h(p)?
20
Let y = -4484 + 15928. What is the remainder when y is divided by 118?
116
Calculate the remainder when 21722*4/60 - (-10)/(-75) is divided by 476.
20
Suppose 3*h + 4*f - 279 = 1189, -3*h = 2*f - 1466. Calculate the remainder when h is divided by 15.
8
Let x(h) = -3*h**3 - 4*h**2 + 32*h - 7. What is the remainder when x(-5) is divided by 2*57/9*3?
32
Let d(m) = -2*m**3 + 101*m**2 - 182*m - 167. Calculate the remainder when d(48) is divided by 262.
259
Suppose 7*d - 24863 = 25292. Suppose -d = -32*k + 10051. Calculate the remainder when k is divided by 60.
58
Calculate the remainder when 134 is divided by -1 - (-267)/7 - ((-118)/7 + 17).
23
Let b(w) = 2*w**2 - 50*w + 589. What is the remainder when 1677 is divided by b(11)?
272
Let m = -83 - -176. Calculate the remainder when 144 is divided by m.
51
Let p(n) = -n**3 - 7*n**2 - n. Calculate the remainder when 134 is divided by p(-8).
62
Suppose -6*d + 7*d - 52 = -4*z, 0 = 3*d - z - 234. Calculate the remainder when d is divided by (-120)/(-18) - 3/(-9).
6
Suppose -f + 3*f = -t + 5, 0 = 4*f - 4*t - 40. Suppose 5*g - f = 0, 5*d = -7*g + 2*g + 5. Calculate the remainder when d + -8*(7/2 + -4) is divided by 4.
0
Let s(l) = l**2 + 2*l - 31. Let f be s(-7). Suppose -2*h + 2*w + 22 = 0, 27 = -h + f*h - w. Calculate the remainder when 29 is divided by h.
5
Let o = -12786 - -13301. Calculate the remainder when o is divided by 120.
35
Let c(w) = 2*w + 28. Let j be c(-6). Suppose -j*b + 54 = -314. Suppose -9*h + 419 = b. What is the remainder when h is divided by 12?
8
Suppose -4*r = -z - 587 - 128, 0 = -z + 5. What is the remainder when r is divided by -3 + (0 - -2) + (-1 - -63)?
58
Let c(s) = -s**3 + 27*s**2 - 26*s + 13. Let d be c(26). Let t = 20 + d. Calculate the remainder when 115 is divided by t.
16
Suppose -2713 + 581 = -4*s. Suppose 0 = 7*g + 29 - s. Calculate the remainder when 122 is divided by g.
50
Suppose i - 226 = -3*s, 3*s + 3*i - 227 = i. Let o be ((-84)/(-70))/(3/10). Suppose o*r = -151 + 215. Calculate the remainder when s is divided by r.
11
Suppose -2*j = 3*a - 54, -a - 48 = 5*j - 79. Calculate the remainder when 29 is divided by a.
13
Suppose -10*h + 6840 = 2*h. Let b = -407 + h. What is the remainder when b is divided by 43?
34
Suppose 8*g = -6*g. Suppose g = m + 2*m - 75. What is the remainder when m is divided by 14?
11
Let u(h) = h**3 - h**2 + 50*h - 136. Calculate the remainder when u(3) is divided by 17.
15
Suppose 3*k = 4*w - 127, 72 - 1 = 2*w + k. Calculate the remainder when w is divided by -15*(-30)/50*1.
7
Suppose -27 = -4*d + 189. Suppose 55*l - d*l = 7. Calculate the remainder when 29 is divided by l.
1
Suppose -2*t - 3*b + 2 - 11 = 0, 2*t = -5*b - 3. Let s(n) = n**2 + 6*n - 13. Let j = 59 - 20. Calculate the remainder when j is divided by s(t).
11
Let p = 82 + -45. Let x = -39 + p. Let m = 18 + x. What is the remainder when 94 is divided by m?
14
Let f be (2 + 10/(-4))/(1/(-4)). What is the remainder when 1/2 + 939/f + 3 is divided by 28?
25
Let b(s) = -25*s - 46 + 18*s + 11*s. Suppose 0*m - 3*m = -39. What is the remainder when m is divided by b(12)?
1
Let k(v) be the third derivative of -2*v**6/5 + v**5/60 - v**4/8 - v**3/2 - 79*v**2. Calculate the remainder when k(-1) is divided by 18.
13
Let a = 42 + -40. Suppose q = -2*m - 3 + 154, 2*m = a*q + 154. Let c = m - 23. Calculate the remainder when c is divided by 28.
25
Suppose -o - 3*r + 9 = 0, r - 17 = -5*o - 0. Suppose 0 = -o*h + 2*v + 105, v = 3*h - 93 - 9. What is the remainder when 46 is divided by h?
13
Suppose 0 = 8*z + f - 11805, 5*z + 259*f - 254*f - 7365 = 0. What is the remainder when z is divided by 31?
19
Let j = 1395 - 1373. Let h(b) = b + 12. Let u be h(-7). Suppose c = -c - 8, u*c - 370 = -3*z. What is the remainder when z is divided by j?
20
Let l be -3 - (3 - 20/1). Let f = 34 - l. What is the remainder when 24 is divided by f?
4
Suppose 17*q - 963 = 176. What is the remainder when q is divided by 67?
0
Let c(z) = -16*z**2 - 16*z - 41. Let h(w) = 7*w**2 + 8*w + 20. Let j(y) = 4*c(y) + 9*h(y). What is the remainder when 95 is divided by j(8)?
15
Suppose 0 = 32*u - 28*u - 924. Suppose -612 = -3*w + u. What is the remainder when w is divided by 57?
53
Let b(t) = t**2 - 143*t - 1596. Calculate the remainder when b(-11) is divided by 91.
7
Let r = 16899 - 16850. What is the remainder when 154 is divided by r?
7
Suppose 13*u - 26614 = -5908 + 34739. Calculate the remainder when u is divided by 17.
15
Suppose -3*w + 184 - 22 = 0. Let r(g) = 3*g**2 + 7*g + 13. Suppose 8*q - 39 = 21*q. Calculate the remainder when w is divided by r(q).
16
Let a(h) = -62*h + 74. Calculate the remainder when a(0) is divided by 8/(2*3/12).
10
Let i = -9636 - -9836. Calculate the remainder when i is divided by 105.
95
Suppose -d = -5*b + 12 + 183, 0 = b + 3*d - 55. Suppose 3*t = 3*i + 35 + b, 4*t + 4*i = 140. What is the remainder when 88 is divided by t?
28
Let q(z) = z**2 - 82*z + 164. Calculate the remainder when 507 is divided by q(83).
13
Let w(d) = d**2 - 1. What is the remainder when 736/5 + (4/(-15))/((-320)/(-240)) is divided by w(-4)?
12
Calculate the remainder when (7 + (-60)/8)*-412 is divided by 195.
11
Suppose 19780 = 53*h + 162*h. What is the remainder when 1113 is divided by h?
9
Suppose 0 = 89*l - 67*l - 7678. What is the remainder when 1397 is divided by l?
1
Suppose 2*c - 675 = -3*c. Suppose -2*f - 24 + 214 = -n, 188 = -n + 4*f. What is the remainder when c is divided by (-5)/(20/n) - 3 - -1?
43
Let q(v) = -186*v - 1269. Calculate the remainder when 1978 is divide